-o. Calculate the remainder when p(21) is divided by b.
9
Suppose -5*a + h = -1729 - 1122, 5 = -5*h. Calculate the remainder when a is divided by 48.
42
Let m(j) = -j**2 + 22*j - 75. Let s be m(17). Suppose -q = -19 + s. Suppose 220 = 8*l - 3*l. Calculate the remainder when l is divided by q.
8
Let y = 82 - 54. Let o(i) = 2*i**3 - 87*i**2 + 25*i - 2960. What is the remainder when o(44) is divided by y?
20
Let k = 476 - 602. Calculate the remainder when 28 is divided by 40/6*k/(-105).
4
Let n = 95 - 65. Suppose 4*g - 2*x = -0*x - 2498, -1237 = 2*g - 5*x. Let u = g + 683. What is the remainder when u is divided by n?
27
Let q = 2 - -4. Let d(p) = -21*p + 69. Let a be d(-3). Suppose -4*n + 3*w = -99, 6*n + w = 11*n - a. Calculate the remainder when n is divided by q.
3
Let o = 218 - 236. Let d = 32 - o. What is the remainder when d is divided by 9?
5
Let k(s) = -4*s**2 - 2*s + 1. Let z(m) = -m**2. Let y(t) = -k(t) - z(t). Let o be y(1). What is the remainder when 27 is divided by -8*((-8)/24 - 4/o)?
3
Suppose 43 = 4*o - 49. Suppose -782*j + 777*j + 600 = 5*n, -n = -2*j - 96. What is the remainder when n is divided by o?
20
Let v(k) = 3*k**2 + 4*k + 14. Let m be v(-4). Suppose 4*a - 4*b = 44, -a + 5*b = 3*a - m. Calculate the remainder when 42 is divided by a.
6
Suppose -2*m + 2000 - 1973 = -w, 3*w = -9. What is the remainder when 933 is divided by m?
9
Suppose 49 = 5*x + h, 0 = 2*x - 2*h - 8 - 14. Let l = x + 66. Suppose -2*t + 6 = -m - l, -164 = -4*t - m. Calculate the remainder when t is divided by 9.
5
Suppose -n - 3*s + 759 = 0, -4*s + 3865 - 81 = 5*n. Suppose -575 = -11*u + n. What is the remainder when u is divided by 38?
7
Suppose 3*x - 5*g = -8 - 33, 5*x - 3*g + 15 = 0. Suppose 5*l - 173 = 4*q, -5*l - 5*q = -0*q - 200. Calculate the remainder when l is divided by x.
1
Let y(h) = -h**3 - 16*h**2 - 48*h + 115. Let n(o) be the third derivative of 7*o**4/24 - 7*o**3/6 + 3*o**2. What is the remainder when n(5) is divided by y(-7)?
8
Suppose 4*c + 3*m = 365, -4*c + 3*m = -188 - 183. Calculate the remainder when 435 is divided by c.
67
Calculate the remainder when 1661 is divided by 18 + (18 - -2 - -41).
2
Suppose -2*l + 174 + 166 = -k, 0 = -2*k - 8. Calculate the remainder when l is divided by (6/(4 + -16))/(2/(-148)).
20
Suppose -120*g + 36*g + 18931 = -305. What is the remainder when 734 is divided by g?
47
Let y(k) be the second derivative of 5*k**3/6 + 19*k**2/2 - 14*k - 4. What is the remainder when y(19) is divided by 17?
12
Suppose -8*b + 3412 = 4*w, -w + 14*b + 843 = 11*b. Calculate the remainder when w is divided by 35.
9
Calculate the remainder when ((-33815)/(-50) - 171/570) + (-16)/(-2) is divided by 68.
4
Suppose 0 = 12*l - 40 - 8. Suppose 4*q + 82 = 2*w - 268, w + l*q = 187. What is the remainder when w is divided by 61?
57
Let h be 16/(9/(162/(-12))). What is the remainder when 4202/16 + h/(-64) is divided by 22?
21
Suppose 58*n + 1554 = 61*n. Suppose 18*z - 2200 - n = 0. Calculate the remainder when z is divided by 12.
7
Let k = -55 - -58. Suppose -4*o = -k*g - 176, 5*o - 4*g + 5*g = 201. Calculate the remainder when 159 is divided by o.
36
Let n = 170 - 156. Suppose -u = 2*j - n - 6, 0 = j + 4*u - 24. What is the remainder when 23 is divided by j?
7
Suppose -w + 3831 = v - 9*w, -3*v = 4*w - 11605. What is the remainder when v is divided by 69?
68
Suppose -4*m + 8 = 0, 3*m = -5*v - 2*m + 315. Let u be (-48)/(-8) - (49 - 7). Let o = 57 + u. What is the remainder when v is divided by o?
19
Let g be (0/2 + 0)/(7 - 4). Suppose 4*f - 27 - 17 = g. Calculate the remainder when 152 is divided by f.
9
Let g = 186 - 181. Calculate the remainder when 6 is divided by 3 + ((-2)/g - 49/(-35)).
2
Let r be (2 + -95)*(-2)/6. Let b = 65 - r. Calculate the remainder when b is divided by 5/35 + 288/42 + -2.
4
Let c = 3042 - 3012. What is the remainder when 148 is divided by c?
28
Let i(o) = 181*o + 7724. What is the remainder when i(-41) is divided by 35?
23
Let f(h) = -h**3 - 5*h - 11*h**2 + 112 + 142 - 300. Calculate the remainder when 52 is divided by f(-11).
7
Let f(x) = 3*x**2 - x**2 - 5 + 2*x**2 + 4*x - 2*x**2. Suppose 0 = 3*g + 2*r - 374, -2*g + 151 = 3*r - 95. What is the remainder when g is divided by f(4)?
40
Let f(b) = 7*b - 3. Let a = -27 - 49. Let x = a + 86. Calculate the remainder when f(x) is divided by 17.
16
Let p(n) = -n**2 + 4*n + 17. Let j be p(6). Suppose -j*b - 7*x + 110 = -2*x, 5*b - x = 86. Calculate the remainder when 28 is divided by b.
10
Suppose -36332 = -84*f + 3148. Calculate the remainder when f is divided by 41.
19
Let r(i) = 2*i**2 + 12*i + 2. Calculate the remainder when r(-10) is divided by (-12)/(((-25)/15)/(5/6)) - -11.
14
Suppose -2380*o + 475 = -2361*o. What is the remainder when 7771 is divided by o?
21
Let h = -8614 + 8701. Calculate the remainder when h is divided by 43.
1
Suppose -4243 = -12*d + 5081. Suppose 4*u + 657 = d. Calculate the remainder when 207 is divided by u.
27
Suppose -2*d + 11724 = 3*l, 3*l - d = -6*d + 11733. Calculate the remainder when 4/(4/5) - l/(-21) is divided by 12.
11
Calculate the remainder when 297 is divided by 0 - (20/25)/((-14)/2135).
53
Let p(b) = -430*b - 5407. Let l = 36 - 20. Calculate the remainder when p(-13) is divided by l.
7
What is the remainder when (-1)/3*104544/(-48) is divided by 80?
6
Let q be (0 - (-5)/15)*9. What is the remainder when 40 is divided by 4/q*(7 + -4 - -6)?
4
Let f = 9992 - 9542. Calculate the remainder when f is divided by 55.
10
Let x be (9/6)/((-1)/(-70)). Suppose 10*w - 13*w - x = 0. Let k = -3 - w. Calculate the remainder when k is divided by 17.
15
Suppose 4*p = -3*n + 1380, 58*n - 53*n = 4*p - 1348. Calculate the remainder when p is divided by 64.
22
Suppose w + 4*n + 2 = -6, 0 = 2*w + 2*n - 2. Let m = 10 - -26. Let f = m + -14. Calculate the remainder when f is divided by w.
2
Suppose -49*o + 46*o + 109 = -w, -4*o + 145 = -w. Calculate the remainder when ((-9)/6)/(-1 + 681/690) is divided by o.
7
Let d be (-15774)/14 + (-4)/14. Suppose -344 + 1457 = 7*j. Calculate the remainder when j is divided by 2/(-8) - d/28.
39
Let u = 101 + 171. Let w = -246 + u. Calculate the remainder when 69 is divided by w.
17
Let m be -39*(-6)/18 - 2. Suppose 32 = m*k - 3*k. Suppose 14 + 54 = k*l. Calculate the remainder when 168 is divided by l.
15
Let w be 244*((-5)/2 + 21/7). Let l = -82 + w. What is the remainder when (112/l)/(1/15) is divided by 12?
6
What is the remainder when (-69305)/(-581) + (-2)/7 is divided by 111?
8
Let o(z) = -7*z - z**2 - 5 - 146*z**3 + 2*z**2 + 18*z**3 + 2*z - 1. What is the remainder when o(-1) is divided by 5?
3
Let j = 17329 - 17232. What is the remainder when 1839 is divided by j?
93
Let d = 3817 + -3260. Calculate the remainder when d is divided by 90.
17
Let i = 12240 - 12170. Let c = 4 + 15. Calculate the remainder when i is divided by c.
13
Let o = -5580 + 6375. What is the remainder when o is divided by 34?
13
Let b be ((270/(-3))/3)/(6/4). Let d = b + 65. Calculate the remainder when d is divided by 15.
0
Let a(j) = -240*j + 37. What is the remainder when a(-2) is divided by 10?
7
Suppose -3*b = -164 + 44. Suppose -2*i + 3*l + b = 2*i, -4*i + 2*l + 36 = 0. What is the remainder when 164 is divided by i?
3
Suppose -1674 = 595*x - 604*x. Calculate the remainder when (x/4)/(40/320) is divided by 25.
22
Suppose -3*a + 2*a = -20. Let z = -89549 + 89601. Calculate the remainder when z is divided by a.
12
Let q = -123 - -72. Let l be -1 + q/(-2 - 1). What is the remainder when (l/12*39)/(-1)*-1 is divided by 3?
1
Suppose 0 = 24*g - 125 + 101. Let o(q) = 30*q - 13. Calculate the remainder when 1018 is divided by o(g).
15
Suppose -407*d = -415*d + 136. What is the remainder when 469 is divided by d?
10
Let h(v) = -v**3 + 2*v**2 + 3*v - 3. Suppose -6*q = -7 - 5. Let a be h(q). Suppose -a*l + l + 4 = 0. Calculate the remainder when l is divided by 1.
0
Suppose 4*k - k - 220 = -2*a, a + 205 = 3*k. Let x(j) = 3*j - 3. Let t = 17 - 8. What is the remainder when k is divided by x(t)?
22
Let t be (-551)/(-171) - ((-16)/9 + 2). Let n = -284 + 312. What is the remainder when (18/2)/t*(-332)/(-12) is divided by n?
27
Let x be (-40)/(-20)*2/((-12)/(-27)). Suppose -x*s - 15*s + 192 = 0. What is the remainder when 38 is divided by s?
6